e -12*c + 11*c - 20075 = -5*d, -4*d + 16054 = -2*c. What is the hundreds digit of d?
0
Let g = 228 + 47. Let s = g - 189. What is the units digit of s?
6
Let w = -364 - 413. What is the tens digit of (w/(-21))/((-1)/(-1))?
3
Let g(q) = -3*q + 20. Let f(b) = 6*b - 39. Let p be (-6)/(1 + -3) - -3. Let x(s) = p*f(s) + 11*g(s). What is the units digit of x(6)?
4
Suppose -137 = -3*z - 476. Let w = 25 - z. What is the units digit of w?
8
Let j(h) = -h**2 + 22*h - 3. Suppose x = 5 + 11. What is the units digit of j(x)?
3
Let k(r) = -r**2 - 18*r + 7. Let j = 10 + -24. What is the tens digit of k(j)?
6
Suppose -4*s + 16 - 4 = 0. Let j = -3 + 7. Suppose 0 = c - s*x - 11, -c = -x - j*x - 7. What is the tens digit of c?
1
Let l(q) = 10*q - 14. Let o be l(2). What is the units digit of 4/o - 4182/(-18)?
3
Suppose 16 - 4 = 2*k. Suppose 78 = -2*i - 2*g, -3*g = -k - 0. Let c = i + 65. What is the units digit of c?
4
Suppose 5*q = -2*o - 32, -2*o + 2*q + 2*q = 50. What is the units digit of (-2)/(-3) - 1435/o?
9
Suppose -3*f + 2070 = 2*f - 4*s, f - 414 = 5*s. What is the units digit of f?
4
Let b(g) = 5*g**2 - 3*g + 8. Let j be b(-9). Suppose 0*w - 4*w = -4*k + j, -3*w + 542 = 5*k. Suppose 4*i - 111 = k. What is the tens digit of i?
5
Suppose -222*u + 3*p = -220*u - 3431, -5*p = -4*u + 6867. What is the units digit of u?
3
What is the tens digit of (-7 - (-375)/60)/(6/(-15952))?
9
Suppose 4*y + 0*y - 1329 = -5*v, 0 = 5*v + 15. What is the tens digit of y?
3
Suppose 4*o = -35 + 11. Let m = 68 - o. Suppose -2 = 3*k - m. What is the tens digit of k?
2
Let o(z) = 29*z**2 - 31*z - 5. Let a(m) = 6*m**2 - 6*m - 1. Let n(w) = 11*a(w) - 2*o(w). Let q(p) = 14*p + 59. Let g be q(-4). What is the tens digit of n(g)?
5
Suppose 0 = -4*q - 0*q + 56. Let a = 73 + q. What is the units digit of (-1)/(-1 + 84/a)?
9
Let q = 19 - 3. Let n(i) = i + 1. Let x be n(-3). Let m = q + x. What is the tens digit of m?
1
Let v = 2105 - 1404. What is the tens digit of v?
0
Suppose 4*g + 4 = -x + 23, 5*x + 2*g = 5. Let p = x - -1. Suppose 2*j - 3*j - w = -21, p = -4*j + w + 99. What is the tens digit of j?
2
Let v(y) = 77*y**2 + 8*y - 7. What is the units digit of v(1)?
8
Suppose -5*s + 418 = -3*h, 4*s = 4*h - 0*h + 328. Suppose 4*x = s + 6. What is the tens digit of x?
2
Let d be (-2)/4 - 318/4. Let o be (-8140)/180 - 4/(-18). Let a = o - d. What is the units digit of a?
5
Let i = 8 + -4. Suppose -o = -3*o - 3*s - 110, i*o + 3*s = -232. Let r = o + 102. What is the tens digit of r?
4
Let t = -4 + 200. Suppose 0 = -7*u + t + 609. What is the units digit of u?
5
Let j = -10 + 15. Suppose j*h - 1 = c - 28, -c - 8 = 2*h. What is the units digit of (3/c)/((-6)/(-4))?
1
Let b = -25 - 29. Let w be 6296/18 - 12/b. Suppose w = 5*m + 5. What is the tens digit of m?
6
Suppose -190 = -c - 4*c + 3*v, -c + 38 = -3*v. Let u be 1408/18 + 6/(-27). Let t = u - c. What is the units digit of t?
0
Let c be (3/9 + (-4)/(-6))*2. Suppose 110 = 4*k - c*k. What is the units digit of k?
5
Suppose 13*a - 8*a - 10 = 0. Suppose -8 = 4*g, 0*v - 3*g = a*v - 400. What is the units digit of v?
3
Suppose 0 = -m + 3 - 6. Let l be (-12)/m*25/(-10). What is the units digit of ((-24)/l)/(18/45)?
6
Let z = -56 - -43. Let p = 24 + z. What is the tens digit of p?
1
Suppose -2*t = 6, y + 5*t + 2 + 13 = 0. Let b = -21 + 21. Suppose b = -3*z - y*z + 72. What is the tens digit of z?
2
Suppose 0 = -5*k - 4*f + 1071, 8*k - 6*k + 4*f = 426. What is the tens digit of k?
1
Suppose -j = 4*j + 5, -4*v = 5*j - 331. Let z = v - -50. What is the units digit of z?
4
Suppose 156*y - 24*y - 477708 = 0. What is the hundreds digit of y?
6
Let v(n) be the first derivative of -n**3/3 - 5*n**2/2 - 6*n + 4. Let q be v(-4). Let p(j) = -10*j - 2. What is the units digit of p(q)?
8
Let g(p) = -2*p - 5. Let h be g(-4). Suppose 5*t = h*t + 86. What is the tens digit of t?
4
Let y(d) = -d**3 - 3*d**2 + 1. Let k be y(-2). Let x(s) be the second derivative of -5*s**3/6 + 5*s**2/2 + s. What is the tens digit of x(k)?
2
Suppose -61*f = -57*f + 5*d - 1913, 3*f - 2*d - 1406 = 0. What is the hundreds digit of f?
4
Let f = 979 - -16. What is the hundreds digit of f?
9
Suppose t - 33 = 3*g, t + 4*g = -5 + 10. Suppose -2*p = h - 8, 3*p - 7 = 5. Suppose h = o + 2*u - 36, 115 = 4*o + 4*u - t. What is the units digit of o?
2
What is the tens digit of 86/(-3)*(31 - 37)?
7
Let v(s) = -2*s**3 + 36*s**2 - 5*s - 31. What is the units digit of v(-7)?
4
Suppose 3*z + 2 = -1. Let o be 76 + 1*(0 + z). Let k = -50 + o. What is the units digit of k?
5
Suppose -3*j + d + 2*d + 45 = 0, 0 = -2*j + d + 25. Suppose -2*y = -3*y - j. Let b(v) = -v + 7. What is the tens digit of b(y)?
1
Suppose -4 = 3*q + 2*o, o - 13 = q + 4*o. Suppose -q*x + 50 = 6. Suppose -x = -4*l + 42. What is the units digit of l?
6
Let z be 1/2*12/2. Let x be 3/(-9) + 22/z. Suppose x = -4*r + 31. What is the units digit of r?
6
Let x = 3935 - -1018. What is the units digit of x?
3
Suppose -60 = -o - 3*o. Let h be 6/o + (-8)/(-5). Suppose -3*n + 124 = n - 4*l, -3*n + 91 = -h*l. What is the units digit of n?
9
Let k be 0/(0 - 2) + 2. Suppose 5*q - 107 = -k*t + 350, -2*q + 179 = -3*t. Suppose q = 2*i + 35. What is the tens digit of i?
2
Suppose 0 = 3*d - 167 + 26. Let h = d - -48. What is the tens digit of h?
9
Let z(h) = 135*h**2 - 4*h + 1. Let j(c) = -c**3 + 4*c**2 - 2. Let d be j(1). What is the tens digit of z(d)?
3
Suppose 4*k = -2*w + 2184, 3*w + 539 = -k + 2*k. What is the tens digit of k?
4
Let t(u) = 2*u - 3. Let j = 105 + -67. Let f = -26 + j. What is the tens digit of t(f)?
2
Let t = -22 - -8. Let d be (2 - 0)*t/(-4). What is the tens digit of 310/7 + (-2)/d?
4
Suppose 2*x - 6 = 0, 2*f - 24 = -3*x - 7. Let v(t) = -t**3 + 5*t - f*t**2 - 4 + t - 3 - 1. What is the units digit of v(-6)?
8
Suppose 4*q = -710 + 2562. What is the tens digit of q?
6
Let q(v) = -2*v + 1. Let m be q(2). Let o be m/((-59)/28 - -2). Let j = o - 17. What is the units digit of j?
1
Suppose -25 = 5*g, -4*c + 15*g + 12507 = 16*g. What is the tens digit of c?
2
Suppose -31704 = -4*y + 2*a, 31824 - 114 = 4*y - 5*a. Suppose 0 = -5*b + y - 1135. What is the units digit of 2/7 + b/49?
8
Let b(c) = c**2 + 8*c + 4. Let j = 12 + -16. Let s be b(j). Let m(n) = n**2 + 10*n + 10. What is the tens digit of m(s)?
3
Suppose -l + 554 = 4*g, -546 = 11*g - 15*g - 5*l. What is the hundreds digit of g?
1
Suppose 0 = 5*x - x - 8. Let k(z) = z**3 - 2*z**2 + x*z + 1 - 3*z + 5*z**2. What is the units digit of k(-3)?
4
Let h(v) = v**2 + 5*v. Let j be h(-5). Let q(p) = -4*p**3 - 32 + 55 + 3*p**3. What is the tens digit of q(j)?
2
What is the thousands digit of 6/8*-4 + (1 - -1018)?
1
Suppose 0 = 30*g - 17734 + 844. What is the units digit of g?
3
Suppose 0*r - 4*d - 85 = -5*r, -5*d - 68 = -4*r. Suppose -5*t = -4*w - r + 178, -w = 3*t + 100. What is the tens digit of (-501)/t - 10/55?
1
Suppose 5*x - 3813 = 2392. What is the units digit of x?
1
Let m = 4683 - 1509. What is the hundreds digit of m?
1
Let v be (6/(-8))/(3/(-12)). Suppose -h + 2 = 0, -3*h = v*i - 16 + 4. What is the tens digit of (1 - (-12 - i)) + 1?
1
Suppose -p = 4*p. Suppose 4*u + x - 23 = -0*x, 4*u - x - 25 = p. Let n = 9 + u. What is the tens digit of n?
1
Let f = -290 - -1022. What is the units digit of f?
2
Let y(u) = u**3 + 5*u**2 - 2*u + 20. Let a be y(-6). Let p(i) = -7*i**3 - 12*i**2 - 3*i + 4. What is the tens digit of p(a)?
7
Let w be (-5)/(-2)*18/(-5). Let r be w/(0 - 3/4). Suppose -10*o - 70 = -r*o. What is the tens digit of o?
3
Let o(w) be the third derivative of 8*w**5/15 - w**4/8 + w**3/3 + w**2. Let y = 394 - 393. What is the units digit of o(y)?
1
Let q be 17/(0 + 3 + (2 - 6)). Suppose y = 3*p - y - 167, 4*p - 3*y = 224. Let n = p + q. What is the tens digit of n?
3
Suppose -264*x + 249*x + 41100 = 0. What is the units digit of x?
0
Let l(t) = t**2 - 5*t + 36. What is the units digit of l(-7)?
0
Let j(d) = 4*d**3 - d. Let i be j(1). Suppose 5*u = -i*h - 14, 3*h + h + 11 = u. What is the units digit of (-6)/h*1/2?
1
Let v(t) = 24*t**2 + t - 12. What is the units digit of v(-4)?
8
Let a be (-20)/(-8)*78/3. Suppose -255 = -2*v + a. Suppose 120 = -0*l + 3*l - p, 5*p = -4*l + v. What is the tens digit of l?
4
Suppose -52 - 283 = -5*u. Let n = 96 - u. Let v = 7 + n. What is the tens d